*m - 39 = -12. What is the remainder when 36 is divided by l?
1
Let v be 3 + 0 + -1 + 2. Suppose 2*t = 3*t - d - 16, -v*t + 28 = 5*d. Calculate the remainder when 45 is divided by t.
9
Let h = -80 + 92. What is the remainder when 32 is divided by h?
8
Let p = 10378 - 10371. Calculate the remainder when (-2)/(-3) + 200/6 is divided by p.
6
Let v = -1 - 26. Let t = -7 - v. Suppose 0*u + 2*u = t. Calculate the remainder when 18 is divided by u.
8
Let u(z) = z**2 + 6*z + 4. Suppose 0 = 3*m - m - 8, -8 = -v - 2*m. Suppose v = 7*k - 10 - 32. What is the remainder when k is divided by u(-6)?
2
Suppose -o + 5*h + 50 + 23 = 0, -3*h = 3*o - 309. What is the remainder when o is divided by 17?
13
Let j = 13 - 9. Let v = -42 - -45. Suppose 2*c - 70 = -5*a, -5*a - v*c + 14 = -4*a. What is the remainder when a is divided by j?
2
Let x be 94/(-18) - (-22)/99. Let r(u) = -2*u**3 - 12*u**2 - 12*u. Calculate the remainder when 35 is divided by r(x).
5
Suppose 7*l = 3*l + 12. Suppose -b = -l*b. Suppose -4*p + 40 = -b*p. What is the remainder when 19 is divided by p?
9
Let d(q) = 79*q + 20. Let m(s) = 20*s + 5. Let n(j) = 2*d(j) - 9*m(j). Let z be n(-2). Calculate the remainder when 23 is divided by (z/(-6))/(1/(-2)).
10
Suppose -4*r - y - 4*y = -535, 2*r + 5*y - 275 = 0. Let s be 8/6*(-18)/(-4). Suppose -s*o + o = -r. What is the remainder when o is divided by 14?
12
Let l(h) be the first derivative of 2*h**2 + h - 16. What is the remainder when l(12) is divided by 26?
23
Suppose -167 - 23 = -2*o. Calculate the remainder when o is divided by 49.
46
Suppose 2*k = 3*j + 119, 310 = k + 4*k - 5*j. What is the remainder when k is divided by ((-21)/(-12))/(1/20)?
32
Let i(j) = j**2 + j + 7. Let f = 11 - 11. Let w be i(f). Let o(t) = t**3 - 7*t**2 + 2*t + 2. What is the remainder when 29 is divided by o(w)?
13
Suppose -2*h - 4 = 0, 2*h - 126 = -4*b - 3*h. Let s = b + -21. Let f(w) = 2*w**2 - 5*w + 8. What is the remainder when f(6) is divided by s?
11
Let g = -18 + 54. Let w(s) = -s**3 - 10*s**2 - 11*s + 31. What is the remainder when w(-10) is divided by g?
33
Suppose 3*s + 39 = 3*j, 2*s - j + 67 = -2*s. Let n = s - -43. Calculate the remainder when ((-2)/6*-148)/(2/3) is divided by n.
24
Suppose 63 = 448*c - 447*c + 2*g, -4*g - 87 = -c. Suppose 2*f = -2*f + 60. What is the remainder when c is divided by f?
11
Let s(r) be the second derivative of -r**3 - 11*r**2/2 + 2*r. Let m be s(-6). Suppose -2*i + m = -69. What is the remainder when i is divided by 25?
22
Let a be -6 + -1 + 2 + -1. Let v be 258/18 - (-8)/a. Suppose -9*k = -v*k + 8. Calculate the remainder when 2 is divided by k.
0
Suppose 10*s - 264 = -23*s. What is the remainder when 12 is divided by s?
4
Suppose -i - 978 = -7*i. What is the remainder when i is divided by 40?
3
Suppose -4*n = 3*u - 801, 0 = -5*n - 5*u + 603 + 402. What is the remainder when n is divided by 8?
6
Let s = 89 + -57. Let u = s - 24. What is the remainder when 61 is divided by u?
5
Suppose -399 + 271 = -4*f. Let r = 73 + -10. Calculate the remainder when r is divided by f.
31
Let g(m) = -3 - 2 + 4*m + 8 + 1. Let s be g(-3). Calculate the remainder when s/(-28) + (-299)/(-7) is divided by 23.
20
Suppose 274 = 4*d - 126. Let m = 26 + 0. What is the remainder when d is divided by m?
22
Let z(t) = -60*t + 315. Calculate the remainder when 260 is divided by z(3).
125
Suppose 4*u = 3*r - 1 + 3, 9 = 4*r - 3*u. Let y be ((-75)/12)/(4/(-16)). Let q = -23 + y. What is the remainder when r is divided by q?
0
Suppose 3*k - 3*d = 33, 3*k + 5*d = 72 - 47. Let w = -75 - -112. What is the remainder when w is divided by k?
7
Suppose 4560 = 130*y - 10*y. What is the remainder when 252 is divided by y?
24
Let x(h) = -197*h + 251. Calculate the remainder when x(-7) is divided by 48.
46
Let n(h) = -2*h + 24. Let i be n(-5). Suppose -23*m + 22*m + i = 0. What is the remainder when 168 is divided by m?
32
Calculate the remainder when 83 is divided by -1 - (-20 + -8 - -6).
20
Let f(o) = -o**2 + 8*o + 53. Let v be f(12). Suppose i + 0*u - 24 = u, -3*i = v*u - 40. Let b = 12 - -86. Calculate the remainder when b is divided by i.
18
Suppose -5*x + 2*f + 2*f + 52 = 0, 5*f - 70 = -5*x. Calculate the remainder when 263 is divided by x.
11
Suppose 569 = 25*h - 456. What is the remainder when 59 is divided by h?
18
Let o(q) = 2*q + 113. What is the remainder when o(-12) is divided by 47?
42
Let w(m) = 2*m**2 + 2*m - 6. Let v be (9/(-2))/(6/8). Let p = 15003 - 14992. Calculate the remainder when w(v) is divided by p.
10
Suppose -m - 12 = -5*z, 49 = 3*m - 0*z + 2*z. Let s(j) = 20*j + 147. What is the remainder when m is divided by s(-7)?
6
Suppose 4*r = -5*m + 81, -2*r + 12 = m - 27. Suppose 0 = -2*h + 3*t - 38, 3*h - 3*t + 79 = -4*t. Let o = h - -35. What is the remainder when r is divided by o?
9
Suppose 279*s = 313*s - 4556. What is the remainder when s is divided by 70?
64
Let k(p) = 11*p - 102. Calculate the remainder when k(14) is divided by 18.
16
Suppose -27 = -x - 18. Calculate the remainder when 38 is divided by x.
2
Suppose -3*q = -5*p - 68, 50 = 2*q - 0*p - p. Suppose 2*j + 2*j - 168 = 0. Suppose 2*m - 5*m + j = 0. What is the remainder when q is divided by m?
12
Let f(y) = -y**3 + y + 5. What is the remainder when (-99 + 102)/((-6)/(-44)) is divided by f(0)?
2
Let i be 876/8*18/27. Suppose 2*o - l = i, -5*o + 0*l + 166 = 3*l. Calculate the remainder when -2*1 + 1 - -139 is divided by o.
33
Let g be 2/(-2) + (0 - -3). Suppose 46 = -4*b + g. Calculate the remainder when 49 is divided by (-185)/b - (-8)/44.
15
Suppose -2*g = -2*j + 16, 4*g - 11 + 3 = -4*j. Suppose k + 64 = j*m - k, 36 = 3*m - 2*k. What is the remainder when m is divided by 3?
2
Let t = 344 - -359. What is the remainder when t is divided by 8?
7
Suppose -67*w + 728 = -277. Calculate the remainder when (-5)/(-2)*-22*-1 is divided by w.
10
Suppose 0 = 24*d - 17*d - 2359. Calculate the remainder when d is divided by 26.
25
Suppose -10*i + 4*i + 1482 = 0. Calculate the remainder when i is divided by 14.
9
Suppose -42*q = -68 - 1738. Calculate the remainder when 83 is divided by q.
40
Let o be 9/1*6/27. Let a be (-3 - -2)*o + 4. Suppose v - 3*s = 57, -v + 0*s + a*s = -62. What is the remainder when v is divided by 15?
12
Suppose -100*g = -4*s - 103*g + 63, -s + 7 = -g. Suppose -6*v = -v - 280. Calculate the remainder when v is divided by s.
8
Let z = -87 + 91. Suppose y = 2*y - 2*f - 35, z*y + 2*f = 170. Calculate the remainder when y is divided by 11.
8
Suppose -5*x + 25 = 5*s - 0*s, -4*s + 11 = x. Suppose -2*k + 28 = 2*b + x*b, -3*b = -3*k. Suppose -12 - k = -4*g. What is the remainder when g is divided by 4?
0
Let b(k) = 47*k + 53. What is the remainder when b(10) is divided by 17?
13
Let s(d) = 5*d + 1. Let f be s(7). What is the remainder when 68 is divided by (8 - f)/(2*-1)?
12
Let l(j) = j**3 - 14*j - 4. Let a(f) = 2*f**2 - 39*f - 30. Calculate the remainder when l(6) is divided by a(21).
29
Suppose -37*v - 56 = -51*v. Let d be (-47)/(-4) + (-2)/(-8). Suppose -2 = 4*x + 2*g - d, -3*x - 3*g = -9. What is the remainder when v is divided by x?
0
Suppose -4*q - 114 = -334. What is the remainder when q is divided by 10?
5
Suppose 3*m = -3*s + 162, 0*m + 266 = 5*s + m. Let h(p) = -6*p. Calculate the remainder when s is divided by h(-3).
17
Suppose -2*a - z + 16 = 2*a, -2*a - 10 = -4*z. Suppose a*r - 57 = -5*f - 0*r, r + 5 = f. Calculate the remainder when f is divided by (1 - -1)*-1 + 5.
0
Let h = -30 + 40. Calculate the remainder when 17 is divided by h.
7
Suppose -4*r - 3*b - 145 = 0, -3*b = -2*r + 2*b - 53. Let z = r - -45. Calculate the remainder when 21 is divided by z.
10
Let w = 240 - 137. What is the remainder when 512 is divided by w?
100
Let k(b) be the second derivative of -b**3/2 + 12*b**2 + 19*b. What is the remainder when k(5) is divided by 3?
0
Suppose 10 = 3*k - 2*c, 5*k - 3*c + 0*c = 17. Let h(j) = 6*j**2 + 7 + k*j + 3*j**3 - 2*j**3 - 3. Calculate the remainder when h(-4) is divided by 7.
6
Let t(i) = 11*i + 839. Calculate the remainder when t(-22) is divided by 147.
9
Let c(u) = -5*u**3 - 7*u**2 - 7*u - 11. Calculate the remainder when c(-3) is divided by 14.
12
Suppose 3*c + 86 = 92. Calculate the remainder when 77 is divided by c.
1
Let l = 864 + -839. What is the remainder